5*s - 3*r = 0. Let y = -6 + s. Let k(h) = 2*h**2 + 8*h + 6. What are the prime factors of k(y)?
2, 3, 5
Let k(g) = -g**3 - 32*g**2 - 66*g + 14. What are the prime factors of k(-33)?
17, 193
Suppose 496 = z + 3*z + 3*k, 3*z = -2*k + 371. Let y = z + -85. What are the prime factors of y?
2, 3
Let q(r) = -r**3 + 6*r**2 + 10*r - 8. Let o be q(7). Suppose 6*w - o = 11. Suppose -56 = -4*a - 4*l, 2*a - w*l = 7*a - 72. What are the prime factors of a?
2
Let z(c) = 51*c - 7. Let s be z(-5). List the prime factors of s/(-11) - 12/(-66).
2, 3
Suppose 0*s - s = -11. Let b = -11 + s. Let u(c) = c**3 + c**2 + 19. List the prime factors of u(b).
19
Suppose 100 = 5*z + 10. List the prime factors of (-24 + z)/(2/(-17)).
3, 17
Suppose 0 = -m + 12 - 8. Suppose 3*q + 425 + 136 = 3*k, 566 = 3*k - m*q. What are the prime factors of k?
2, 7, 13
Let z = 22 + -17. Suppose -z*m + 35 = -4*t, m + 2 - 8 = t. Let u = m + 8. What are the prime factors of u?
19
Suppose -3*x = -2*s + x + 24, -x = s. Suppose -5*i + 86 = r, 3*i + 344 = 4*r + s*i. What are the prime factors of r?
2, 43
Suppose -2*w = -9*p + 10*p - 1462, 0 = 5*w - 10. List the prime factors of p.
2, 3
Suppose 0 = 2*g - 20 - 8. Suppose 2*v = 4*v + 5*h - g, 4*h = 4*v. Suppose -36 = -0*o - v*o. What are the prime factors of o?
2, 3
Suppose -1176 = -5*v - v. Suppose -7*i + v = -784. List the prime factors of i.
2, 5, 7
Suppose 430*p = 427*p + 8442. List the prime factors of p.
2, 3, 7, 67
Suppose -8*v + 6*v = 8, -2*b = v - 450. What are the prime factors of b?
227
Let h be 6/(-1) + 5 + -3. What are the prime factors of (h + (-5)/(-2))*(-83 + 1)?
3, 41
Let v(g) = 3*g**2 + 4*g + 11. Let t be v(-12). Suppose 4*y - o - 181 = 148, -5*y + t = 2*o. What are the prime factors of y?
3
Suppose -116 = -4*y + 3*t, -3*t - 5 = 7. Suppose -6*l + y + 838 = 0. List the prime factors of l.
2, 3
Let a(c) = 1 - c + c + 6*c + 12*c. Let i be a(-1). Let z = -7 - i. List the prime factors of z.
2, 5
Suppose 23 = -i - 2*d + 2, 3*i = 2*d - 39. Let b(p) = -4*p - 21. List the prime factors of b(i).
3, 13
Suppose 3 = 7*u - 4*u. Suppose -3*w = 2*x - 11, -10 = -2*x - 5*w - u. Suppose x*t - 177 = 243. What are the prime factors of t?
2, 3, 5
Let k(y) = 11*y + 46. Let j be k(-18). Let t = j - -436. What are the prime factors of t?
2, 71
Let v be ((-20)/30)/(4/(-30)). Suppose -v*y + y = -64. Let u(r) = 4*r - 23. List the prime factors of u(y).
41
Suppose b - 22 = -2*w - w, -5*b = 4*w - 121. Suppose 0 = -b*f + 22*f + 60. List the prime factors of f.
2, 5
Let h(j) = 2*j + 4. Let b(s) = 2*s + 3. Let k(y) = -6*b(y) + 5*h(y). Suppose 0*n + 2*z = -n + 4, -3*n - z - 3 = 0. List the prime factors of k(n).
2, 3
Suppose 86*x - 3200 = 82*x. List the prime factors of x.
2, 5
Suppose 0 = -18*l + 23*l + 4*j - 5242, 2*l = -5*j + 2107. What are the prime factors of l?
2, 523
Suppose -5*u - 8 = -23. Let y = u - -1. List the prime factors of y.
2
Let o(p) = -p + 4. Suppose -9*c = -8*c + 6. What are the prime factors of o(c)?
2, 5
Let b be (26/(-4))/((-2)/4). Let n = -8 + b. Suppose 43 + 82 = n*x. List the prime factors of x.
5
Suppose -135552 = -78*j + 30*j. What are the prime factors of j?
2, 353
Let n be 9/(4 + 22/(-4)). Let t(f) = -4*f - 20. What are the prime factors of t(n)?
2
Let s(t) = 27*t - 25. Let b be s(5). Suppose -3*v - 6 = -f, -5*f - 5*v - 20 = -b. What are the prime factors of f?
3, 5
Suppose 24 + 246 = -5*d. Suppose 3 = -b, -4*k + 5*k - 5*b + 87 = 0. Let p = d - k. List the prime factors of p.
2, 3
Suppose 8*n - 6440 = -2*n. What are the prime factors of n?
2, 7, 23
Let m(q) = -4*q - 3. Let a be (2 - (-2)/(-2))*-2. Let y be m(a). Suppose -y*f = -43 - 62. List the prime factors of f.
3, 7
Suppose 3*h + 0*h - 4*a = 2, 5*h + 5*a - 15 = 0. Suppose -5*d = n - 408, 5*d - h*n - 413 = 1. What are the prime factors of d?
2, 41
Let z(y) = 208*y**2 + 4*y - 5. Let s be z(1). Suppose -2*q + s = 183. What are the prime factors of q?
2, 3
Let q be (5768/26 - 8/(-52)) + 2. Suppose -j = 2*s - 171, -4*s + q = 5*j - 115. What are the prime factors of s?
2, 43
Suppose 0 = 3*d + a - 2245, -3*a = -d + 250 + 505. List the prime factors of d.
7, 107
Let u(j) = -43*j + 698. What are the prime factors of u(-74)?
2, 5, 97
Suppose -4 + 1 = -p. Suppose 5*a - p*a - 128 = 0. What are the prime factors of ((-112)/a)/(2/(-24))?
3, 7
Let r = 49 + 74. What are the prime factors of r?
3, 41
Let r = -456 - -810. What are the prime factors of r?
2, 3, 59
Let j = -2815 - -4264. List the prime factors of j.
3, 7, 23
Let c(i) = -2656*i + 41. List the prime factors of c(-1).
3, 29, 31
List the prime factors of 0 + 1 + 725/(-20)*-4.
2, 73
Suppose -5*u + 15033 = 4*f, -2*f = 3*u - 41 - 7476. List the prime factors of f.
13, 17
Let z = 15 + -8. Suppose x - 2*r + z*r = 54, 5*x + 3*r - 160 = 0. What are the prime factors of x?
29
Let w = 5453 - 1872. What are the prime factors of w?
3581
Suppose 0 = -5*w + 416 - 116. Let p = -53 + w. List the prime factors of p.
7
Suppose 0 = -0*c + c - 4. Suppose -3*d + 235 = -3*l + 43, 4*l = c. What are the prime factors of d?
5, 13
Suppose -150*s = -144*s - 372. List the prime factors of s.
2, 31
Let i = -14 - -23. Suppose 10*p - i*p - 1288 = -5*b, -2*b + 522 = -3*p. List the prime factors of b.
2, 3, 43
Let c be 0 + (2 - -3) + 5. Suppose c*j - 6*j - 1040 = 0. What are the prime factors of j?
2, 5, 13
Let p be (-6)/15 + (-324)/(-10). Let r(o) = 14*o + p - 32. What are the prime factors of r(3)?
2, 3, 7
Suppose -23*j + 25866 = -5*j. List the prime factors of j.
3, 479
Suppose 0 = -2*d + 3*d. Suppose d = -p + 5*p - 176. List the prime factors of (4 - 1 - 3) + p.
2, 11
Let o(f) = 2*f**2 + 11*f - 16. Let m be o(-7). Suppose 3*h = -m*d + 82, -4*h + 152 = -0*h - 4*d. List the prime factors of h.
2, 17
Suppose 0 = -4*k + 2*k - 0*k. Suppose k = -2*q - q + 60. List the prime factors of q.
2, 5
Suppose -2*a - 1190 = 5*w + 1265, -a = 2*w + 981. Let y = -269 - w. List the prime factors of y.
2, 7
Let b(u) be the third derivative of 7*u**5/5 - u**4/3 - 7*u**3/6 - 24*u**2. What are the prime factors of b(-1)?
5, 17
Suppose 6 = -3*f, -5*x + 2*f = -0*x - 2314. List the prime factors of x.
2, 3, 7, 11
Let d(a) = a**3 + 18*a**2 - 6*a + 23. Let n be d(-15). Let r = n + -503. What are the prime factors of r?
3, 5, 19
Let k = 51 - 48. Suppose -3*i = -k*f - 2*f - 80, 2*f - 124 = -4*i. List the prime factors of i.
2, 3, 5
Suppose 4*c - 562 = -4*f - 1482, 0 = 2*f + 4. Let v = c - -327. List the prime factors of v.
3, 11
What are the prime factors of 12236/18 + 3 - 24/(-108)?
683
Let c be 1392/28 + ((-40)/56 - -1). Let o = -6 - -3. Let t = o + c. List the prime factors of t.
47
Let v(z) = 49*z**2 - 24*z - 210. What are the prime factors of v(-7)?
7, 337
Let r be 1*(2 + 1) + 1. Let a be (4 - (r - 4)) + -4. Suppose a = -3*z + 16 + 50. List the prime factors of z.
2, 11
Let y = -596 + 942. List the prime factors of y.
2, 173
Let j = -7416 - -10896. List the prime factors of j.
2, 3, 5, 29
Let t be (0/(-1) - 1)*18. Let h = t - -20. List the prime factors of (-4 - -3)*(-34)/h.
17
Suppose 357 = 4*h + 81. Suppose 3*b + 0*b = -h. Let l = 36 + b. List the prime factors of l.
13
Suppose 47*r - 57012 = 80275. List the prime factors of r.
23, 127
Let o be -6 - (2 + (-2 - 0)). Let k(f) = f**2 + 4. What are the prime factors of k(o)?
2, 5
Let y = 53 - 57. Let n(u) = -20*u + 1. List the prime factors of n(y).
3
Let s(w) = w**2 - 3*w + 3. Let t be s(-3). Let h = -1 + 1. Let m = t - h. List the prime factors of m.
3, 7
Let y = -23 - 232. List the prime factors of (2/(-5))/(3/y).
2, 17
Suppose 4*a - 2*q + 294 = 0, -3*a + q - 78 - 143 = 0. Let x = 135 + a. List the prime factors of x.
61
Let o = 15 + -24. Let h(c) = c + 4. Let t be h(o). What are the prime factors of (-15)/(-6)*(-54)/t?
3
Let r = -1 - -1. Suppose r = -2*i + 143 - 27. List the prime factors of i.
2, 29
Suppose f + 396 = 3*f + 3*a, 5*f + 3*a = 981. What are the prime factors of f?
3, 5, 13
Suppose 7*v = 37*v - 37470. What are the prime factors of v?
1249
Let j be 3 - 11/4 - 62/(-8). Suppose t + c - 8 = 0, j = t + c + 4*c. What are the prime factors of t?
2
Let w be (-45)/(-720) + 481/(-16). Suppose -2*f - x + 4*x - 33 = 0, -5*f - x = 74. Let c = f - w. What are the prime factors of c?
3, 5
Let b be (4/(-18))/(10/(-90)). List the prime f